k - p**3 - 15*p**2 - 5/24*p**4. Calculate w(-4).
14
Let h be (3/(-2) - 0)*(-2 - 8). Let u(r) be the first derivative of 1/2*r**2 - h + 8*r. What is u(6)?
14
Let g(q) = -61*q + 142. Let v(n) = 2*n**2 + 218*n + 1042. Let x be v(-104). Give g(x).
20
Let u(p) = -6*p**2 - 69*p + 27. Suppose 0 = z + o + 10, -608*z = -612*z - 5*o - 38. Calculate u(z).
-9
Let m(f) = -f. Let c(v) be the first derivative of 20*v**3/3 - 2*v - 10. Let t(y) be the first derivative of c(y). Let r(h) = -50*m(h) - t(h). What is r(1)?
10
Let a(q) = -q**2 + q + 18. Suppose 18*i = 3*i - 2*i. Suppose -80 = -4*t + 2*g - 6*g, -4*g + 20 = t. Suppose -2*x - 1 = -b + 3, 5*b - t = i. Determine a(x).
18
Let h(d) = -36*d + 71. Suppose 5*n = 4*c - 2 + 28, -24 = -2*n + 5*c. What is h(n)?
-1
Let c(x) = 40*x - 149 + 34*x - 8*x - 188 + 21*x. Give c(4).
11
Let h(v) = -2*v - 8. Suppose 4*p + 8 = 0, 33 = -4*l + 5*p - 41. Let n be (-351)/l + 10/35. Suppose -5 = -w, 2*d - 3*w + 2*w = -n. Determine h(d).
4
Let k(m) = m**3 - m**2 - 2*m - 1. Let j(f) = 4*f**3 + 8*f**2 + 3*f - 12. Let c(l) = j(l) - 3*k(l). Determine c(-9).
72
Let x(s) = -s**3 - 9*s**2 - 10*s + 30. Let f = 227 + -234. Determine x(f).
2
Let l(v) = v**3 - 14*v**2 + 15*v - 15. Let w = -145 - -147. Suppose w*u + 3*f = 11, 0 = 2*u - 7*u + 5*f + 90. Give l(u).
11
Let p(w) = -10*w + 42. Suppose -1988*z + 1970*z + 90 = 0. What is p(z)?
-8
Let g = 29 + -19. Suppose -5*y + 7*y = g. Let d(c) be the third derivative of c**6/120 - c**5/10 + c**4/12 + 5*c**3/6 + 31*c**2. Determine d(y).
-10
Let y(b) be the second derivative of 40*b + 1/20*b**5 - 23/2*b**2 + 1/6*b**3 + 0*b**4 + 2. Give y(0).
-23
Suppose y = -0*y - 3. Let c(d) = d**3 - 38*d**2 + 2*d - 73. Let m be c(38). Let b(q) = m*q + 1 - 2 + 0*q - q. Calculate b(y).
-7
Suppose x + 5*h = 28, 5*x + h - 30 = -2*h. Let r be (x + 32/(-12))/(1/(-6)). Let f = 4 + r. Let n(o) = -o**2 + o - 1. Determine n(f).
-3
Suppose 3*z + 143 = 16*z. Let k(d) = -5*d**2 + 3*d + d + 3*d**2 + d**2 - z*d - 6. Calculate k(-5).
4
Let u(o) be the second derivative of -o**5/20 + 7*o**4/12 - 7*o**3/6 - 11*o**2/2 + 254*o + 6. What is u(7)?
-60
Let n(f) be the second derivative of -f**7/504 - f**6/720 + f**5/60 + 43*f**4/12 - 6*f - 5. Let o(l) be the third derivative of n(l). Give o(2).
-20
Suppose 18*k - 504 = 22*k + 17*k. Let q(y) = -y**2 - 24*y - 13. Determine q(k).
-13
Let x(o) = 2*o**3 + 25*o**2 + 36*o + 21. Let m be x(-11). Let p(j) = j + 21. Determine p(m).
9
Let t(n) be the third derivative of n**8/720 - n**7/5040 + n**6/720 + n**5/60 - n**4/8 + n**2 + 77*n. Let y(c) be the third derivative of t(c). Give y(1).
28
Let l(k) be the second derivative of -k**6/120 + k**5/15 + k**4/24 + 5*k**3/6 - 15*k**2 + 122*k. Let y(f) be the first derivative of l(f). What is y(4)?
9
Let b(t) = t**2 + 46*t + 390. Suppose 5*m + 179 = h, 15*h + 200 = 335. Calculate b(m).
-18
Let z be (-2 + (-1336)/(-6))/(72/(-108)). Let m = 335 + z. Let c(x) = x - 5*x + 5*x - 3*x - 5. Calculate c(m).
-13
Let g be -6 - (3 + 4 + (-10 - 2)). Let n(z) = 10*z + 2. Let h(v) = v + 1. Let t = 12 - 7. Let q(i) = g*n(i) + t*h(i). Determine q(2).
-7
Let x(s) = -4*s + 6. Suppose -3*g = 2*d - 40 - 17, -5*d = -2*g + 57. Suppose k = -g + 26. What is x(k)?
-14
Let a(c) = 2*c - 22 + 8 + 21. Let k be a(4). Let o(z) = -k*z - 3*z - 8 + 19*z. Calculate o(-6).
-14
Let m be 7/(-21)*(-1 - -10). Let k(t) = t**2 - 6. Let x be k(m). Suppose 0*p = p - x. Let c(r) = -r**2 + 6*r - 3. Determine c(p).
6
Suppose 3*d = d + 20. Suppose 2*x + 45 - 35 = -3*l, 5*x = -d. Let u(y) = 5*y - 1. Calculate u(l).
-11
Let d(a) = 3*a**3 + 17*a**2 - 19*a + 3. Let f be d(1). Let u(b) = -b - 11. Calculate u(f).
-15
Let h(c) = -90*c**2 - 94*c**2 + 223*c**2 - 21 - 3*c - 36*c**2. Determine h(7).
105
Suppose 0 = -5*i + 2*o - 42, 5*i + 172*o - 173*o = -36. Suppose d + 4*c = 15, c - 12 = -2*d + 4. Let t(u) = 0*u**2 + 2*u - u**2 + 8 - 3 - d*u. Give t(i).
-1
Let n = 6977 + -6979. Let m(v) = 9*v + 24. Calculate m(n).
6
Let k = 2022 + -2015. Let n(a) = -6*a + 14. What is n(k)?
-28
Let p(v) = 42*v + 16. Let u(h) = 88*h + 35. Let m(l) = 13*p(l) - 6*u(l). What is m(-2)?
-38
Let g(r) = -r**2 - 5*r - 4. Let q(o) = 2*o**2 + 12*o - 6. Let w = 2 + 3. Let x be (-1 - -4)/((35/(-14))/w). Let u be q(x). What is g(u)?
-10
Let n(h) be the first derivative of -1/4*h**4 + 1/3*h**3 + 3/2*h**2 + 5 - 2*h. Suppose 4*x - b = -x + 11, -5*x + 4*b = 1. Determine n(x).
-11
Let y(o) = -58 + 10*o + 58. Let l be y(10). Let h = l - 105. Let a(z) = -z**2 - 5*z - 5. Give a(h).
-5
Let k(j) = 9*j**2 - 45*j + 10. Let v(t) = -3*t**2 + t + 1. Let n(d) = k(d) + 6*v(d). Calculate n(-5).
-14
Let a be (-11)/(-13) + (6 - 760/130). Let k(t) = t + 1. Let l(y) = -2*y + 5. Let x(f) = a*l(f) - 3*k(f). What is x(2)?
-8
Let i(j) = -29*j + 14*j - 71 - 116 + 23*j - 6. Give i(25).
7
Let w(f) = -24*f**3 - 34*f**2 - 34*f + 22. Let h(o) = 2*o**3 + 3*o**2 + 3*o - 2. Let g(n) = -23*h(n) - 2*w(n). Give g(-2).
-16
Let t(s) = s**3 + 18*s**2 + 22*s + 92. Suppose -9*u = -12*u - f - 50, -48 = 3*u + 3*f. Calculate t(u).
7
Let v be ((-1)/3)/(22/(-4092)). Let g(o) = 66*o + 0 - v*o + 4 + 2. Calculate g(7).
34
Suppose -3*d = -5*s - 4, 4*d - 13 + 2 = s. Suppose -19 = -d*w - 34. Let y(q) = -2*q + 3. Calculate y(w).
13
Let o(w) = -3*w + 2*w + 0*w - 10*w**2. Suppose -21 = -5*l + d, -10*l + 6*l + d + 17 = 0. Suppose 2*g - 3*n + 4 = 0, l*n - 6*n = -5*g + 1. Determine o(g).
-11
Let s(a) = 34*a**3 + 8*a**2 + 22*a - 16. Let j(f) = 29*f**3 + 6*f**2 + 20*f - 13. Let d(k) = 7*j(k) - 6*s(k). Give d(-7).
-2
Let t(l) = -30*l + 20. Let i(d) = 10*d - 7. Let b(j) = -17*i(j) - 6*t(j). Let a = 395 + -393. Give b(a).
19
Let u(r) = -r**2 + 809 - 826 - 25*r + 51*r. Determine u(26).
-17
Let v(o) = -16*o**2 + 4*o - 6. Suppose 0 = -525*q + 546*q - 42. What is v(q)?
-62
Let f(i) = -35*i - 41. Let c(v) = 18*v + 5. Let y(q) = -2*c(q) - f(q). Calculate y(-25).
56
Let z(y) = -y**2 + 86*y + 187. Let s be z(-2). Let w(x) = -8*x + 19. Calculate w(s).
-69
Let h(t) = 7*t**2 + 15*t - 135. Let n(b) = 3*b**2 + 10*b - 68. Let a(p) = 2*h(p) - 5*n(p). What is a(-23)?
1
Let n(q) = 3*q**2 + q - 2. Let h(z) = z**2 - 82*z + 1541. Let m be h(53). Determine n(m).
50
Let y(m) = -m**3 + 14*m**2 - 43*m - 24. Let n = -10234 - -10243. Calculate y(n).
-6
Let p(b) = 331 - 2*b**2 - b**3 - 6*b**2 - 4*b**2 - 317 - 11*b. Let u(v) = -2*v**3 - 23*v**2 - 21*v + 27. Let g(h) = -5*p(h) + 3*u(h). Determine g(-8).
11
Suppose 25 = -95*d + 47*d - 23. Let r(w) = 18*w - 4. What is r(d)?
-22
Let k = 802 - 814. Let l(f) = -f + 1. Let v(u) = -u**3 - 12*u**2 + 5*u + 8. Let g(r) = -4*l(r) - v(r). Determine g(k).
0
Let t(n) = 9*n + 15. Let o(g) = -7*g - 13. Let c(y) = -5*o(y) - 4*t(y). Determine c(9).
-4
Let l(m) = m**2 + m - 4. Let g be l(-3). Let a(b) = b**3 - 5 + 432*b - 6*b**2 - 429*b - g*b**3. Calculate a(-7).
23
Suppose 9*a + 525 - 2937 = 0. Let c = a + -262. Let i(b) = -b**3 + 6*b**2 - b + 4. Calculate i(c).
-2
Let t(b) = -b**3 - 4*b**2 + 4*b + 7. Let c be -5 + (-1 - -7)*(-1)/(-6). Give t(c).
-9
Let b(n) = 6*n + 20. Suppose -2*d + 4*z = -24, d + 24*z + 24 = 20*z. Give b(d).
20
Suppose 0 = -9*n + 4*n - 2*r + 17, n + 2*r = 5. Let t(m) = m**3 - 4*m**2 + m - 5. Calculate t(n).
-11
Let t(l) = l**3 - 10*l**2 + 8*l. Let k(z) be the first derivative of -11/2*z**2 - 2*z - 8. Let h be k(-1). What is t(h)?
-9
Let m(f) be the first derivative of -f**7/420 - f**6/180 + f**5/40 - f**4/24 + 2*f**3/3 - f + 12. Let h(x) be the third derivative of m(x). Calculate h(2).
-19
Suppose -32 = -2*x - 48. Let s(i) = i**2 + 4*i + 7. Let l be s(-5). Let u(t) = -12 - t**3 - 22*t - 9*t**2 + 0*t**3 + l*t. Calculate u(x).
4
Let b = 68 - 62. Suppose 0 = 3*f + b. Let w(g) = 3*g. Let t be w(f). Let p(x) = x**2 + 10*x + 8. Determine p(t).
-16
Suppose 11*u - 61 + 180 + 57 = 0. Let m(g) = g**3 + 17*g**2 + 20*g - 14. Calculate m(u).
-78
Let i be -3 + 12 + 8*1/2. Let y(s) = -s**2 - 6*s + 12*s - 12 - i*s. Determine y(-6).
-6
Let p(w) = -3*w**2 + w + 4. Let m(r) = -r**3 - 78*r**2 - 148*r + 306. Let b be m(-76). Give p(b).
-6
Let n(v) = -v**3 - v + 12. Suppose 0 = 41*q + 25*q. Calculate n(q).
12
Suppose 53*g = -17*g - 43*g - 113. Let o(y) = -52*y - 46. Give o(g).
6
Suppose -t + d + 3 = 0, -37*d = -t - 33*d + 12. Let u(z) = -19*z + 18. Determine u(t).
18
Let y(h) = 12*h - 147. Let m be y(13